{"id":3372,"date":"2025-03-14T09:10:02","date_gmt":"2025-03-14T09:10:02","guid":{"rendered":"https:\/\/eglemarija.com\/?post_type=product&#038;p=3372"},"modified":"2026-03-25T08:50:08","modified_gmt":"2026-03-25T08:50:08","slug":"18-min-atlaisvink-mintis-nuo-informacinio-srauto-nusinulinimas-energetine-higiena-minciu-detoksas-rinkinyje-2-garsu-keliones-rytui-ir-vakarui","status":"publish","type":"product","link":"https:\/\/eglemarija.com\/index.php\/product\/18-min-atlaisvink-mintis-nuo-informacinio-srauto-nusinulinimas-energetine-higiena-minciu-detoksas-rinkinyje-2-garsu-keliones-rytui-ir-vakarui\/","title":{"rendered":"36 min. Atlaisvink mintis nuo nekokybi\u0161ko informacinio srauto. Nusinulinimas. Energetin\u0117 higiena, min\u010di\u0173 detoksas (Rinkinyje 2 gars\u0173 kelion\u0117s be balso vedimo &#8211; rytui ir vakarui)"},"content":{"rendered":"<hr \/>\n<p style=\"font-weight: 400;\"><em>KAMERTONAI IR J\u0172 POVEIKIS<\/em><\/p>\n<p style=\"font-weight: 400;\"><em>Kamertonai yra vibroakustin\u0117s terapijos \u012frankiai, naudojami smegen\u0173 bangoms suderinti, energetiniam laukui harmonizuoti ir k\u016bno regeneracijos procesams aktyvuoti. Tam tikri garso da\u017eniai\u00a0rezonuoja su nat\u016braliomis organizmo vibracijomis, skatindami fizin\u0119 ir psichologin\u0119 pusiausvyr\u0105. M\u016bs\u0173 k\u016bno ir auros energetika atliepia \u012f specifinius da\u017enius ir k\u016bnas gyja nat\u016braliai.<\/em><\/p>\n<p style=\"font-weight: 400;\"><em>Moksliniai tyrimai patvirtina, kad\u00a0skirtingi da\u017eniai veikia nerv\u0173 sistem\u0105, smegen\u0173 bangas ir l\u0105steli\u0173 veikl\u0105. Kai \u017emogus klausosi arba jau\u010dia vibracij\u0105 tam tikru da\u017eniu, jo k\u016bnas ir smegenys sinchronizuojasi su tuo da\u017eniu \u2013 tai vadinama\u00a0binauraline sinchronizacija\u00a0arba\u00a0entrainment (sinchronizacija su da\u017eniu).<\/em><\/p>\n<p style=\"font-weight: 400;\"><strong><em><u>Kaip veikia smegen\u0173 bangos?<\/u><\/em><\/strong><\/p>\n<p style=\"font-weight: 400;\"><em>\ud83e\udde0<\/em><em>\u00a0M\u016bs\u0173 smegenys nat\u016braliai vibruoja skirtinguose da\u017eniuose, priklausomai nuo m<\/em><em>\u016bs\u0173 <\/em><em>b\u016bsenos. \u0160ioje gars\u0173 kelion\u0117je pereisime per\u00a0keturias pagrindines bangas\u00a0\u2013 Beta, Alfa, Theta ir Delta.<\/em><\/p>\n<p style=\"font-weight: 400;\"><em><u>Kiekvienas da\u017enis turi unikal\u0173 poveik\u012f m\u016bs\u0173 smegenims:<\/u><\/em><\/p>\n<ul>\n<li><em>Beta &#8211; savistaba, susikaupimas<\/em><\/li>\n<li><em>Alfa &#8211; atsipalaidavimas, k\u016brybi\u0161kumas<\/em><\/li>\n<li><em>Theta &#8211; intuicija, pas\u0105mon\u0117\u00a0<\/em><\/li>\n<li><em>Delta &#8211; atsinaujinimas, giliausias poilsis ir gijimas<\/em><\/li>\n<\/ul>\n<p style=\"font-weight: 400;\"><em>\ud83c\udf05<\/em><em> RYTIN\u0116 MEDITACIJA 18 min. \u00a0<\/em><em>\ud83c\udfb6<\/em><em> \u00a0<strong>Da\u017eniai<\/strong><\/em><\/p>\n<p style=\"font-weight: 400;\"><em>Beta <\/em><em>\u2192<\/em><em> Alfa <\/em><em>\u2192<\/em><em> Theta <\/em><em>\u2192<\/em><em> Delta <\/em><em>\u2192<\/em><em> Theta <\/em><em>\u2192<\/em><em> Alfa <\/em><em>\u2192<\/em><em> Beta<\/em><\/p>\n<p style=\"font-weight: 400;\"><em>Per rytin\u0119 meditacij\u0105 neb\u016btina s\u0117d\u0117ti ar gul\u0117ti, galite klausytis ruo\u0161iantis dienai, k\u0105 nors veikiant. Ar bet kada dienos eigoje kada pajau\u010diate nor\u0105 susibalansuoti.<\/em><\/p>\n<p style=\"font-weight: 400;\"><em>\u2714\ufe0f<\/em><em>\u00a0Rytin\u0117 meditacija suaktyvina savistab\u0105, stiprina neuron\u0173 sinchronizacij\u0105, pagerina kognityvines funkcijas, atmint\u012f, koncentracij\u0105, d\u0117mes\u012f, energingum\u0105, atkuria nat\u016bral\u0173 rezonans\u0105\u00a0tarp tav\u0119s ir aplinkos, suma\u017eina streso hormon\u0173 lyg\u012f,\u00a0padeda jaustis saugiai ir nat\u016braliai atsiverti kontaktui su \u017emon\u0117mis, pozityviai nuteikia dienos prad\u017eiai ir k\u016brybiniam \u012fkv\u0117pimui, ai\u0161kioms mintims, aktyvina neuroplasti\u0161kum\u0105, leid\u017eia keisti ribojan\u010dias mintis ir \u012fsitikinimus.<\/em><\/p>\n<p>&nbsp;<\/p>\n<p style=\"font-weight: 400;\"><em>\ud83c\udf0c<\/em><em> VAKARIN\u0116 MEDITACIJA 18 min. <\/em><em>\ud83c\udfb6<\/em><em> <strong>Da\u017eniai<\/strong><\/em><\/p>\n<p style=\"font-weight: 400;\"><em>\u00a0Beta <\/em><em>\u2192<\/em><em> Alfa <\/em><em>\u2192<\/em><em> Theta <\/em><em>\u2192<\/em><em> Delta \u2026<\/em><\/p>\n<p style=\"font-weight: 400;\"><em>Vakarin\u0119 meditacij\u0105 galite klausyti gr\u012f\u017e\u0119 po darb\u0173, prie\u0161 pat einant miegoti ar bet kada kada jau\u010diate nor\u0105 i\u0161eiti i\u0161 stresin\u0117s b\u016bsenos, atsiplaiduoti ar nusinulinti.<\/em><\/p>\n<p style=\"font-weight: 400;\"><em>\u2714\ufe0f<\/em><em> Vakarin\u0117 meditacija gerina poilsio ir miego kokyb\u0119, nuima dienos \u012ftamp\u0105, leid\u017eia pereiti \u012f rami\u0105, introspektyvi\u0105 b\u016bsen\u0105, integracij\u0105, aktyvuoja pas\u0105mon\u0117s valym\u0105, leid\u017eia lengviau u\u017emigti, paleisti stres\u0105, aktyvina\u00a0smegen\u0173 ir k\u016bno atsistatym\u0105\u00a0miego metu, nurimsta \u0161irdies ritmas, suma\u017e\u0117ja kortizolis, ma\u017e\u0117ja stresas, <\/em><em>smegenys pereina \u012f parasimpatin\u0119 b\u016bsen\u0105, nerv\u0173 sistema atsipalaiduoja<\/em><em>, vyksta regeneracija, harmonizuojasi energetinis laukas ir k\u016bno biologiniai procesais.<\/em><\/p>\n<p style=\"font-weight: 400;\"><em>\u2728<\/em><em><strong>18 minu\u010di\u0173 = 1+8 = 9<\/strong>\u00a0\u2013 tai\u00a0u\u017ebaigimo, transformacijos ir vidin\u0117s alchemijos skai\u010dius. <\/em><\/p>\n<ul>\n<li>Kartu su gars\u0173 kelione \u012f savo el. pa\u0161t\u0105 gausite informacij\u0105 k\u0105 svarbu \u017einoti praktikavimo laikotarpyje, b\u016btinai atsi\u017evelkite \u012f rekomendacijas, nes taip palengvinsite savo vibracij\u0173 kilimo proces\u0105<\/li>\n<li>Garsiau &#8211; tai nerei\u0161kia \u00a0geriau. Klausykit\u0117s \u0161velniai.<\/li>\n<li class=\"p1\"><span class=\"s1\">Kelion\u0117 skirta klausyti tik su ausin\u0117mis, nes naudojamos specialos technikos \u012feiti \u012f \u012fvairias s\u0105mon\u0117s b\u016bsenas<\/span><\/li>\n<li><span class=\"s1\">Rytin\u0117s kelion\u0117s metu galite s\u0117d\u0117ti, gul\u0117ti, stov\u0117ti, jud\u0117ti, net u\u017esiimti bet kokia veikla<\/span><\/li>\n<li>Vakarinei meditacijai skirkite daugiau susitelkimo \u012f proces\u0105, geriausia b\u016bt\u0173 klausytis prie\u0161 pat einant miegoti<\/li>\n<li class=\"p1\"><span class=\"s1\">Rekomenduojama klausyti kiek tik norisi<\/span><\/li>\n<li class=\"p1\"><span class=\"s1\">Atkreipkite d\u0117mes\u012f ar taisyklingai \u012fved\u0117te el. pa\u0161to adres\u0105, nes \u012f j\u012f gausite nuorod\u0105 failams parsisi\u0173sti. Jei nesulauk\u0117te \u012fsigyt\u0173 fail\u0173, per\u017ei\u016br\u0117kite visus savo el. pa\u0161to katalogus, grei\u010diausiai lai\u0161kas atsid\u016br\u0117 kitame aplanke<\/span><\/li>\n<li>Meditacijas parsisi\u0173skite \u012f savo \u012frengin\u012f, nuoroda i\u0161 kurios gal\u0117site parsisi\u0173sti galios 30 dien\u0173.<\/li>\n<\/ul>\n<div>\n<p>&nbsp;<\/p>\n<\/div>\n<p style=\"font-weight: 400;\"><em>\u00a0<\/em><\/p>\n","protected":false},"excerpt":{"rendered":"<p>KAMERTONAI IR J\u0172 POVEIKIS Kamertonai yra vibroakustin\u0117s terapijos \u012frankiai, naudojami smegen\u0173 bangoms suderinti, energetiniam laukui harmonizuoti ir k\u016bno regeneracijos procesams aktyvuoti. Tam tikri garso da\u017eniai\u00a0rezonuoja su nat\u016braliomis organizmo vibracijomis, skatindami fizin\u0119 ir psichologin\u0119 pusiausvyr\u0105. M\u016bs\u0173 k\u016bno ir auros energetika atliepia \u012f specifinius da\u017enius ir k\u016bnas gyja nat\u016braliai. Moksliniai tyrimai patvirtina, kad\u00a0skirtingi da\u017eniai veikia nerv\u0173 sistem\u0105, [&hellip;]<\/p>\n","protected":false},"featured_media":3376,"comment_status":"open","ping_status":"closed","template":"","meta":{"om_disable_all_campaigns":false,"_monsterinsights_skip_tracking":false,"_monsterinsights_sitenote_active":false,"_monsterinsights_sitenote_note":"","_monsterinsights_sitenote_category":0,"site-sidebar-layout":"default","site-content-layout":"","ast-site-content-layout":"default","site-content-style":"default","site-sidebar-style":"default","ast-global-header-display":"","ast-banner-title-visibility":"","ast-main-header-display":"","ast-hfb-above-header-display":"","ast-hfb-below-header-display":"","ast-hfb-mobile-header-display":"","site-post-title":"","ast-breadcrumbs-content":"","ast-featured-img":"","footer-sml-layout":"","theme-transparent-header-meta":"default","adv-header-id-meta":"","stick-header-meta":"","header-above-stick-meta":"","header-main-stick-meta":"","header-below-stick-meta":"","astra-migrate-meta-layouts":"set","ast-page-background-enabled":"default","ast-page-background-meta":{"desktop":{"background-color":"","background-image":"","background-repeat":"repeat","background-position":"center center","background-size":"auto","background-attachment":"scroll","background-type":"","background-media":"","overlay-type":"","overlay-color":"","overlay-opacity":"","overlay-gradient":""},"tablet":{"background-color":"","background-image":"","background-repeat":"repeat","background-position":"center center","background-size":"auto","background-attachment":"scroll","background-type":"","background-media":"","overlay-type":"","overlay-color":"","overlay-opacity":"","overlay-gradient":""},"mobile":{"background-color":"","background-image":"","background-repeat":"repeat","background-position":"center center","background-size":"auto","background-attachment":"scroll","background-type":"","background-media":"","overlay-type":"","overlay-color":"","overlay-opacity":"","overlay-gradient":""}},"ast-content-background-meta":{"desktop":{"background-color":"var(--ast-global-color-5)","background-image":"","background-repeat":"repeat","background-position":"center center","background-size":"auto","background-attachment":"scroll","background-type":"","background-media":"","overlay-type":"","overlay-color":"","overlay-opacity":"","overlay-gradient":""},"tablet":{"background-color":"var(--ast-global-color-5)","background-image":"","background-repeat":"repeat","background-position":"center center","background-size":"auto","background-attachment":"scroll","background-type":"","background-media":"","overlay-type":"","overlay-color":"","overlay-opacity":"","overlay-gradient":""},"mobile":{"background-color":"var(--ast-global-color-5)","background-image":"","background-repeat":"repeat","background-position":"center center","background-size":"auto","background-attachment":"scroll","background-type":"","background-media":"","overlay-type":"","overlay-color":"","overlay-opacity":"","overlay-gradient":""}}},"product_brand":[],"product_cat":[47,33],"product_tag":[],"class_list":{"0":"post-3372","1":"product","2":"type-product","3":"status-publish","4":"has-post-thumbnail","6":"product_cat-meditacija","7":"product_cat-saves-pazinimas","8":"desktop-align-center","9":"tablet-align-left","10":"mobile-align-left","12":"first","13":"instock","14":"featured","15":"downloadable","16":"shipping-taxable","17":"purchasable","18":"product-type-simple"},"aioseo_notices":[],"_links":{"self":[{"href":"https:\/\/eglemarija.com\/index.php\/wp-json\/wp\/v2\/product\/3372","targetHints":{"allow":["GET"]}}],"collection":[{"href":"https:\/\/eglemarija.com\/index.php\/wp-json\/wp\/v2\/product"}],"about":[{"href":"https:\/\/eglemarija.com\/index.php\/wp-json\/wp\/v2\/types\/product"}],"replies":[{"embeddable":true,"href":"https:\/\/eglemarija.com\/index.php\/wp-json\/wp\/v2\/comments?post=3372"}],"wp:featuredmedia":[{"embeddable":true,"href":"https:\/\/eglemarija.com\/index.php\/wp-json\/wp\/v2\/media\/3376"}],"wp:attachment":[{"href":"https:\/\/eglemarija.com\/index.php\/wp-json\/wp\/v2\/media?parent=3372"}],"wp:term":[{"taxonomy":"product_brand","embeddable":true,"href":"https:\/\/eglemarija.com\/index.php\/wp-json\/wp\/v2\/product_brand?post=3372"},{"taxonomy":"product_cat","embeddable":true,"href":"https:\/\/eglemarija.com\/index.php\/wp-json\/wp\/v2\/product_cat?post=3372"},{"taxonomy":"product_tag","embeddable":true,"href":"https:\/\/eglemarija.com\/index.php\/wp-json\/wp\/v2\/product_tag?post=3372"}],"curies":[{"name":"wp","href":"https:\/\/api.w.org\/{rel}","templated":true}]}}