{"id":1893,"date":"2024-01-14T21:41:57","date_gmt":"2024-01-14T21:41:57","guid":{"rendered":"https:\/\/eglemarija.com\/?post_type=product&#038;p=1893"},"modified":"2024-01-29T21:53:22","modified_gmt":"2024-01-29T21:53:22","slug":"knyga-budintojai-pdf","status":"publish","type":"product","link":"https:\/\/eglemarija.com\/index.php\/product\/knyga-budintojai-pdf\/","title":{"rendered":"Knyga &#8222;Budintojai&#8221;"},"content":{"rendered":"<p>&#8222;Jaudinanti, pozityvi ir i\u0161sami ap\u017evalga seniai i\u0161prana\u0161autos ir laukiamos \u017dem\u0117s transformacijos \u012f nauj\u0105j\u012f jos b\u016bv\u012f &#8211; Septint\u0105 Visatos Aukso Am\u017ei\u0173. Pripa\u017einimas, kad dievi\u0161kumas egzistuoja visame kame, nutiesia tilt\u0105 \u012f naujus horizontus: prie\u0161 mus atsiveria nuostabus naujas pasaulis. Senoji energija u\u017eleid\u017eia viet\u0105 naujai bes\u0105lygin\u0117s meil\u0117s ir taikingo sugyvenimo dimensijai. Dabar, kai \u017dem\u0117 kyla i\u0161 did\u017eiausio Visatoje patirto energij\u0173 tankio \u012f penkt\u0105j\u0105 \u0160viesos dimensij\u0105, pati planeta ir \u017emonija valosi nuo tanki\u0173j\u0173 u\u017estrigusi\u0173 energij\u0173. Viskas, k\u0105 \u017emonija yra i\u0161mokusi \u017dem\u0117je, dabar pereina \u012f Visatos s\u0105mon\u0117s metra\u0161\u010dius ir sukuria nauj\u0105 model\u012f visai Visatai.<\/p>\n<p>\u0160i\u0105 vykstan\u010di\u0105 galing\u0105 transformacij\u0105 su nuostaba ir jauduliu stebi milijon\u0173 milijonai visoje Visatoje. \u017demei \u0117mus skleisti violetinio atspalvio \u0161vyt\u0117jim\u0105, didel\u0117 \u0160viesos siena darosi matoma net i\u0161 kit\u0173 galaktik\u0173. \u017dem\u0117je esan\u010di\u0173 vaivoryk\u0161t\u0117s kari\u0173 ir Pakilusi\u0173 \u0160viesos sfer\u0173 stulbinama meil\u0117 bei pasi\u0161ventimas pad\u0117jo dievi\u0161kajam planui tobulai ir \u0161lovingai virsti realybe. \u0160iuo metu vyksta galutiniai paskutini\u0173j\u0173 \u0161viesora\u0161\u010di\u0173 \u012ftvirtinimai jiems skirtose pozicijose, ir tada \u017dem\u0117 bus visi\u0161kai pasiruo\u0161usi paskutiniam per\u0117jimo \u012f nauj\u0105j\u0105 dimensij\u0105 \u017eingsniui. \u017dem\u0117je esantys vaivoryk\u0161t\u0117s kariai dabar perduoda skeptrus tiems, kurie vadovaus Naujajai \u017demei. U\u017ebaig\u0119 individualias u\u017eduotis, \u017dem\u0117s \u0160viesos darbuotojai susijungs su savo liepsnomis dvyn\u0117mis ir sugr\u012f\u0161 namo&#8230;<\/p>\n<p>\u0160ioje knygoje apra\u0161omas asmeninio ir planetos pakilimo vyksmas. Puikus vadovas tiems, kurie nori aktyviai dalyvauti kuriant taiking\u0105 ir darn\u0173 gyvenim\u0105 \u017dem\u0117je.<\/p>\n<p>\u010cia rasite tai, k\u0105 nor\u0117jote su\u017einoti apie Visk\u0105 Kas Yra.&#8221;<\/p>\n<p>&#8211; Da Vid. \u0160viesos partijos \u012fk\u016br\u0117jas, JAV<\/p>\n<p>Sandy Stevenson &#8211; gimusi Sidn\u0117juje, Australija, 1965 m. perva\u017eiavo \u012f Anglij\u0105, kur prasid\u0117jo platesnio dvasingumo supratimo ie\u0161kojimai. Per 15 intensyvi\u0173 proto studij\u0173 met\u0173 jai asmeni\u0161kai teko patirti daug dvasini\u0173 fenomen\u0173, pad\u0117jusi\u0173 \u012fgyti betarpi\u0161k\u0105 gilesn\u012f auk\u0161tesni\u0173j\u0173 egzistencijos sfer\u0173 pa\u017einim\u0105 bei suvokti dievi\u0161kojo plano \u017demei esm\u0119&#8230;<\/p>\n<p>Nuo 1991 met\u0173 Jungin\u0117je Karalyst\u0117je bei kitose \u0161alyse veda seminarus ir skaito paskaitas. Ji tapo ypa\u010d pla\u010diai \u017einoma, 1994 m. rugpj\u016b\u010dio m\u0117n. 21 d. suplanavusi ir surengusi mil\u017eini\u0161ko pasisekimo sulaukus\u012f rengin\u012f Earth Alignement Day (\u017dem\u0117s Suharmonizavimo diena). \u0160is renginys vyko Wembley (Vemblio) arenoje, Londone; \u012f j\u012f \u012fsitrauk\u0117 apie vien\u0105 milijon\u0105 \u017emoni\u0173 i\u0161 58 pasaulio \u0161ali\u0173. Sutartu laiku jie visi giedojo universal\u0173j\u012f subalansuojant\u012f gars\u0105 OM (daugiau apie tai &#8211; \u0161ioje knygoje).<\/p>\n<p>Plataus pripa\u017einimo sulauk\u0117 jos knyga The Awakener (Budintoja), pasirod\u017eiusi 1997 metais, i\u0161versta ir \u012f vokie\u010di\u0173 kalb\u0105.<\/p>\n<p>2004 m. Sandy Stevenson sugr\u012f\u017eo \u012f Australij\u0105 ir gyvena Queenslande, jos seminarai ple\u010diantys s\u0105mon\u0119 ir \u0161ird\u012f toliau vtyksta \u012fvairiose \u0161alyse, taip pat ir Lietuvoje, kur ji lank\u0117si net 3 kartus.<\/p>\n<p>*pdf knyga<\/p>\n","protected":false},"excerpt":{"rendered":"<p>&#8222;Jaudinanti, pozityvi ir i\u0161sami ap\u017evalga seniai i\u0161prana\u0161autos ir laukiamos \u017dem\u0117s transformacijos \u012f nauj\u0105j\u012f jos b\u016bv\u012f &#8211; Septint\u0105 Visatos Aukso Am\u017ei\u0173. Pripa\u017einimas, kad dievi\u0161kumas egzistuoja visame kame, nutiesia tilt\u0105 \u012f naujus horizontus: prie\u0161 mus atsiveria nuostabus naujas pasaulis. Senoji energija u\u017eleid\u017eia viet\u0105 naujai bes\u0105lygin\u0117s meil\u0117s ir taikingo sugyvenimo dimensijai. Dabar, kai \u017dem\u0117 kyla i\u0161 did\u017eiausio Visatoje [&hellip;]<\/p>\n","protected":false},"featured_media":1895,"comment_status":"open","ping_status":"closed","template":"","meta":{"om_disable_all_campaigns":false,"_monsterinsights_skip_tracking":false,"_monsterinsights_sitenote_active":false,"_monsterinsights_sitenote_note":"","_monsterinsights_sitenote_category":0,"site-sidebar-layout":"default","site-content-layout":"","ast-site-content-layout":"default","site-content-style":"default","site-sidebar-style":"default","ast-global-header-display":"","ast-banner-title-visibility":"","ast-main-header-display":"","ast-hfb-above-header-display":"","ast-hfb-below-header-display":"","ast-hfb-mobile-header-display":"","site-post-title":"","ast-breadcrumbs-content":"","ast-featured-img":"","footer-sml-layout":"","theme-transparent-header-meta":"default","adv-header-id-meta":"","stick-header-meta":"","header-above-stick-meta":"","header-main-stick-meta":"","header-below-stick-meta":"","astra-migrate-meta-layouts":"set","ast-page-background-enabled":"default","ast-page-background-meta":{"desktop":{"background-color":"","background-image":"","background-repeat":"repeat","background-position":"center center","background-size":"auto","background-attachment":"scroll","background-type":"","background-media":"","overlay-type":"","overlay-color":"","overlay-opacity":"","overlay-gradient":""},"tablet":{"background-color":"","background-image":"","background-repeat":"repeat","background-position":"center center","background-size":"auto","background-attachment":"scroll","background-type":"","background-media":"","overlay-type":"","overlay-color":"","overlay-opacity":"","overlay-gradient":""},"mobile":{"background-color":"","background-image":"","background-repeat":"repeat","background-position":"center center","background-size":"auto","background-attachment":"scroll","background-type":"","background-media":"","overlay-type":"","overlay-color":"","overlay-opacity":"","overlay-gradient":""}},"ast-content-background-meta":{"desktop":{"background-color":"var(--ast-global-color-5)","background-image":"","background-repeat":"repeat","background-position":"center center","background-size":"auto","background-attachment":"scroll","background-type":"","background-media":"","overlay-type":"","overlay-color":"","overlay-opacity":"","overlay-gradient":""},"tablet":{"background-color":"var(--ast-global-color-5)","background-image":"","background-repeat":"repeat","background-position":"center center","background-size":"auto","background-attachment":"scroll","background-type":"","background-media":"","overlay-type":"","overlay-color":"","overlay-opacity":"","overlay-gradient":""},"mobile":{"background-color":"var(--ast-global-color-5)","background-image":"","background-repeat":"repeat","background-position":"center center","background-size":"auto","background-attachment":"scroll","background-type":"","background-media":"","overlay-type":"","overlay-color":"","overlay-opacity":"","overlay-gradient":""}}},"product_brand":[],"product_cat":[48],"product_tag":[],"class_list":{"0":"post-1893","1":"product","2":"type-product","3":"status-publish","4":"has-post-thumbnail","6":"product_cat-knygos","7":"desktop-align-center","8":"tablet-align-left","9":"mobile-align-left","11":"first","12":"instock","13":"downloadable","14":"shipping-taxable","15":"purchasable","16":"product-type-simple"},"aioseo_notices":[],"_links":{"self":[{"href":"https:\/\/eglemarija.com\/index.php\/wp-json\/wp\/v2\/product\/1893","targetHints":{"allow":["GET"]}}],"collection":[{"href":"https:\/\/eglemarija.com\/index.php\/wp-json\/wp\/v2\/product"}],"about":[{"href":"https:\/\/eglemarija.com\/index.php\/wp-json\/wp\/v2\/types\/product"}],"replies":[{"embeddable":true,"href":"https:\/\/eglemarija.com\/index.php\/wp-json\/wp\/v2\/comments?post=1893"}],"wp:featuredmedia":[{"embeddable":true,"href":"https:\/\/eglemarija.com\/index.php\/wp-json\/wp\/v2\/media\/1895"}],"wp:attachment":[{"href":"https:\/\/eglemarija.com\/index.php\/wp-json\/wp\/v2\/media?parent=1893"}],"wp:term":[{"taxonomy":"product_brand","embeddable":true,"href":"https:\/\/eglemarija.com\/index.php\/wp-json\/wp\/v2\/product_brand?post=1893"},{"taxonomy":"product_cat","embeddable":true,"href":"https:\/\/eglemarija.com\/index.php\/wp-json\/wp\/v2\/product_cat?post=1893"},{"taxonomy":"product_tag","embeddable":true,"href":"https:\/\/eglemarija.com\/index.php\/wp-json\/wp\/v2\/product_tag?post=1893"}],"curies":[{"name":"wp","href":"https:\/\/api.w.org\/{rel}","templated":true}]}}